{"id":5957,"date":"2018-08-15T17:05:03","date_gmt":"2018-08-15T17:05:03","guid":{"rendered":"https:\/\/demo.goodlayers.com\/kingster\/?page_id=5957"},"modified":"2024-11-20T14:09:16","modified_gmt":"2024-11-20T14:09:16","slug":"homepage","status":"publish","type":"page","link":"https:\/\/costacollege.cl\/iquique\/","title":{"rendered":"Inicio"},"content":{"rendered":"<div class=\"n2_clear\"><ss3-force-full-width data-overflow-x=\"body\" data-horizontal-selector=\"body\"><div class=\"n2-section-smartslider fitvidsignore  n2_clear\" data-ssid=\"2\"><div id=\"n2-ss-2-align\" class=\"n2-ss-align\"><div class=\"n2-padding\"><div id=\"n2-ss-2\" data-creator=\"Smart Slider 3\" data-responsive=\"fullwidth\" class=\"n2-ss-slider n2-ow n2-has-hover n2notransition  \"><div class=\"n2-ss-slider-wrapper-inside\">\n        <div class=\"n2-ss-slider-1 n2_ss__touch_element n2-ow\">\n            <div class=\"n2-ss-slider-2 n2-ow\">\n                                                <div class=\"n2-ss-slider-3 n2-ow\">\n\n                    <div class=\"n2-ss-slide-backgrounds n2-ow-all\"><div class=\"n2-ss-slide-background\" data-public-id=\"1\" data-mode=\"fill\"><div data-color=\"RGBA(255,255,255,0)\" style=\"background-color: RGBA(255,255,255,0);\" class=\"n2-ss-slide-background-color\"><\/div><\/div><div class=\"n2-ss-slide-background\" data-public-id=\"2\" data-mode=\"fill\" aria-hidden=\"true\"><div data-color=\"RGBA(255,255,255,0)\" style=\"background-color: RGBA(255,255,255,0);\" class=\"n2-ss-slide-background-color\"><\/div><\/div><div class=\"n2-ss-slide-background\" data-public-id=\"3\" data-mode=\"fill\" aria-hidden=\"true\"><div class=\"n2-ss-slide-background-image\" data-blur=\"0\" data-opacity=\"100\" data-x=\"50\" data-y=\"50\" data-alt=\"\" data-title=\"\"><picture class=\"skip-lazy\" data-skip-lazy=\"1\"><img decoding=\"async\" src=\"\/\/costacollege.cl\/iquique\/wp-content\/uploads\/2024\/11\/happy-children-spend-time-together-close-smile-scaled.jpg\" alt=\"\" title=\"\" loading=\"lazy\" class=\"skip-lazy\" data-skip-lazy=\"1\"><\/picture><\/div><div data-color=\"RGBA(255,255,255,0)\" style=\"background-color: RGBA(255,255,255,0);\" class=\"n2-ss-slide-background-color\"><\/div><\/div><div class=\"n2-ss-slide-background\" data-public-id=\"4\" data-mode=\"fill\" aria-hidden=\"true\"><div class=\"n2-ss-slide-background-image\" data-blur=\"0\" data-opacity=\"100\" data-x=\"53\" data-y=\"0\" data-alt=\"\" data-title=\"\" style=\"--ss-o-pos-x:53%;--ss-o-pos-y:0%\"><picture class=\"skip-lazy\" data-skip-lazy=\"1\"><img decoding=\"async\" src=\"\/\/costacollege.cl\/iquique\/wp-content\/uploads\/2023\/04\/mujer-joven-ensenando-lecciones-ingles-scaled.jpg\" alt=\"\" title=\"\" loading=\"lazy\" class=\"skip-lazy\" data-skip-lazy=\"1\"><\/picture><\/div><div data-color=\"RGBA(255,255,255,0)\" style=\"background-color: RGBA(255,255,255,0);\" class=\"n2-ss-slide-background-color\"><\/div><\/div><\/div>                    <div class=\"n2-ss-slider-4 n2-ow\">\n                        <svg xmlns=\"http:\/\/www.w3.org\/2000\/svg\" viewBox=\"0 0 1200 600\" data-related-device=\"desktopPortrait\" class=\"n2-ow n2-ss-preserve-size n2-ss-preserve-size--slider n2-ss-slide-limiter\"><\/svg><div data-first=\"1\" data-slide-duration=\"0\" data-id=\"10\" data-slide-public-id=\"1\" data-title=\"Slide\" class=\"n2-ss-slide n2-ow  n2-ss-slide-10\"><div role=\"note\" class=\"n2-ss-slide--focus\" tabindex=\"-1\">Slide<\/div><div class=\"n2-ss-layers-container n2-ss-slide-limiter n2-ow\"><div class=\"n2-ss-layer n2-ow n-uc-WXnEsKp6tNJI\" data-sstype=\"slide\" data-pm=\"default\"><div class=\"n2-ss-layer n2-ow n-uc-xrlGPWEFpR6x\" data-pm=\"default\" data-sstype=\"content\" data-hasbackground=\"1\"><div class=\"n2-ss-section-main-content n2-ss-layer-with-background n2-ss-layer-content n2-ow n-uc-xrlGPWEFpR6x-inner\"><div class=\"n2-ss-layer n2-ow n2-ss-layer--block n2-ss-has-self-align n-uc-162f28810e78f\" data-pm=\"normal\" data-sstype=\"row\"><div class=\"n2-ss-layer-row n2-ss-layer-with-background n-uc-162f28810e78f-inner\"><div class=\"n2-ss-layer-row-inner \"><div class=\"n2-ss-layer n2-ow n-uc-143522896b233\" data-pm=\"default\" data-sstype=\"col\"><div class=\"n2-ss-layer-col n2-ss-layer-with-background n2-ss-layer-content n-uc-143522896b233-inner\"><div class=\"n2-ss-layer n2-ow n-uc-CH9H3zKJfj4w\" data-pm=\"normal\" data-sstype=\"layer\"><div id=\"n2-ss-2item1\" class=\"n2-font-164218d20fbf3deeea776c1ec71d2ee4-hover n2-style-def47892eccde279363d87af170fbc77-heading   n2-ss-item-content n2-ss-text n2-ow\" style=\"display:block;\">Admisi\u00f3n 2026<\/div><\/div><div class=\"n2-ss-layer n2-ow n-uc-DFY0YRiut14f\" data-pm=\"normal\" data-sstype=\"layer\"><div id=\"n2-ss-2item2\" class=\"n2-font-effe9254ef88b174dead3bb114d144c0-hover n2-style-def47892eccde279363d87af170fbc77-heading   n2-ss-item-content n2-ss-text n2-ow\" style=\"display:block;\">Infant School<\/div><\/div><div class=\"n2-ss-layer n2-ow n2-ss-layer--block n2-ss-has-self-align n-uc-16ac63e4e2283\" data-pm=\"normal\" data-sstype=\"row\"><div class=\"n2-ss-layer-row n2-ss-layer-with-background n-uc-16ac63e4e2283-inner\"><div class=\"n2-ss-layer-row-inner \"><div class=\"n2-ss-layer n2-ow n-uc-1d957cc5874a4\" data-pm=\"default\" data-sstype=\"col\"><div class=\"n2-ss-layer-col n2-ss-layer-with-background n2-ss-layer-content n-uc-1d957cc5874a4-inner\"><\/div><\/div><div class=\"n2-ss-layer n2-ow n-uc-194809566797a\" data-pm=\"default\" data-sstype=\"col\"><div class=\"n2-ss-layer-col n2-ss-layer-with-background n2-ss-layer-content n-uc-194809566797a-inner\"><\/div><\/div><\/div><\/div><\/div><div class=\"n2-ss-layer n2-ow n-uc-UQMhjR0qv0O4\" data-pm=\"normal\" data-sstype=\"layer\"><div class=\"n2-ss-item-content n2-ss-text n2-ow-all\"><div class=\"\"><p class=\"n2-font-15b045690955c9d88c1c015d5a4da729-paragraph  n2-style-ef3052c6ad01c4af131d2f1aab5f8bcd-heading  \">En<b> Infant Schoo<\/b>l, creemos firmemente que un ni\u00f1o feliz es un ni\u00f1o exitoso. Por ello, estamos comprometidos en ofrecer un ambiente positivo y estimulante donde nuestros estudiantes puedan aprender, jugar y compartir sus opiniones y experiencias de manera libre y enriquecedora.<br \/>\nCont\u00e1ctanos por los medios oficiales o escr\u00edbenos al Whatsapp:<br \/>\n<b>+56 9 4409 7215<\/b><\/p>\n<\/div><\/div><\/div><\/div><\/div><div class=\"n2-ss-layer n2-ow n-uc-129d35204db84\" data-pm=\"default\" data-sstype=\"col\"><div class=\"n2-ss-layer-col n2-ss-layer-with-background n2-ss-layer-content n-uc-129d35204db84-inner\"><\/div><\/div><\/div><\/div><\/div><div class=\"n2-ss-layer n2-ow n2-ss-layer--block n2-ss-has-self-align n-uc-12557ae95fe06\" data-pm=\"normal\" data-sstype=\"row\"><div class=\"n2-ss-layer-row n2-ss-layer-with-background n-uc-12557ae95fe06-inner\"><div class=\"n2-ss-layer-row-inner \"><div class=\"n2-ss-layer n2-ow n-uc-14511a1fb3333\" data-pm=\"default\" data-sstype=\"col\"><div class=\"n2-ss-layer-col n2-ss-layer-with-background n2-ss-layer-content n-uc-14511a1fb3333-inner\"><div class=\"n2-ss-layer n2-ow n2-ss-layer--block n2-ss-has-self-align n-uc-11f93a635c499\" data-pm=\"normal\" data-sstype=\"row\"><div class=\"n2-ss-layer-row n2-ss-layer-with-background n-uc-11f93a635c499-inner\"><div class=\"n2-ss-layer-row-inner \"><div class=\"n2-ss-layer n2-ow n-uc-1117e9c62dae4\" data-pm=\"default\" data-sstype=\"col\"><div class=\"n2-ss-layer-col n2-ss-layer-with-background n2-ss-layer-content n-uc-1117e9c62dae4-inner\"><div class=\"n2-ss-layer n2-ow n-uc-gVnIbLITViuK\" data-pm=\"normal\" data-sstype=\"layer\"><div class=\"n2-ss-item-content n2-ss-text n2-ow-all\"><div class=\"\"><p class=\"n2-font-c5c3310431750e445d98e798336ee9eb-paragraph  n2-style-def47892eccde279363d87af170fbc77-heading  \">Whatsapp: +56 9 4409 7215<\/p>\n<\/div><\/div><\/div><\/div><\/div><\/div><\/div><\/div><\/div><\/div><div class=\"n2-ss-layer n2-ow n-uc-1341c8a77e431\" data-pm=\"default\" data-sstype=\"col\"><div class=\"n2-ss-layer-col n2-ss-layer-with-background n2-ss-layer-content n-uc-1341c8a77e431-inner\"><div class=\"n2-ss-layer n2-ow n2-ss-layer--block n2-ss-has-self-align n-uc-1576c3bbd34f7\" data-pm=\"normal\" data-sstype=\"row\"><div class=\"n2-ss-layer-row n2-ss-layer-with-background n-uc-1576c3bbd34f7-inner\"><div class=\"n2-ss-layer-row-inner \"><div class=\"n2-ss-layer n2-ow n-uc-1e7a7300f26f2\" data-pm=\"default\" data-sstype=\"col\"><div class=\"n2-ss-layer-col n2-ss-layer-with-background n2-ss-layer-content n-uc-1e7a7300f26f2-inner\"><div class=\"n2-ss-layer n2-ow n-uc-HvcAVpCh9ffi\" data-pm=\"normal\" data-sstype=\"layer\"><div class=\"n2-ss-item-content n2-ss-text n2-ow-all\"><div class=\"\"><p class=\"n2-font-c5c3310431750e445d98e798336ee9eb-paragraph  n2-style-def47892eccde279363d87af170fbc77-heading  \">Tel\u00e9fono: +56 57 2451518<\/p>\n<\/div><\/div><\/div><\/div><\/div><\/div><\/div><\/div><\/div><\/div><div class=\"n2-ss-layer n2-ow n-uc-12ab93ba80fbd\" data-pm=\"default\" data-sstype=\"col\"><div class=\"n2-ss-layer-col n2-ss-layer-with-background n2-ss-layer-content n-uc-12ab93ba80fbd-inner\"><div class=\"n2-ss-layer n2-ow n2-ss-layer--block n2-ss-has-self-align n-uc-1a565606ddbe6\" data-pm=\"normal\" data-sstype=\"row\"><div class=\"n2-ss-layer-row n2-ss-layer-with-background n-uc-1a565606ddbe6-inner\"><div class=\"n2-ss-layer-row-inner \"><div class=\"n2-ss-layer n2-ow n-uc-198f27116654a\" data-pm=\"default\" data-sstype=\"col\"><div class=\"n2-ss-layer-col n2-ss-layer-with-background n2-ss-layer-content n-uc-198f27116654a-inner\"><div class=\"n2-ss-layer n2-ow n-uc-94uzFhDlIlMI\" data-pm=\"normal\" data-sstype=\"layer\"><div class=\"n2-ss-item-content n2-ss-text n2-ow-all\"><div class=\"\"><p class=\"n2-font-5397dcd0fd2424ff64a429e051b909e8-paragraph  n2-style-e495705748691dbdf46fcc0bfce78a05-heading  \">Correo: admision@costacollege.cl<\/p>\n<\/div><\/div><\/div><\/div><\/div><\/div><\/div><\/div><\/div><\/div><\/div><\/div><\/div><\/div><\/div><\/div><\/div><\/div><div data-slide-duration=\"0\" data-id=\"11\" data-slide-public-id=\"2\" aria-hidden=\"true\" data-title=\"Slide\" class=\"n2-ss-slide n2-ow  n2-ss-slide-11\"><div role=\"note\" class=\"n2-ss-slide--focus\" tabindex=\"-1\">Slide<\/div><div class=\"n2-ss-layers-container n2-ss-slide-limiter n2-ow\"><div class=\"n2-ss-layer n2-ow n-uc-ruvBQKTnPhou\" data-sstype=\"slide\" data-pm=\"default\"><div class=\"n2-ss-layer n2-ow n-uc-4mn1fSPwr2EQ\" data-pm=\"default\" data-sstype=\"content\" data-hasbackground=\"1\"><div class=\"n2-ss-section-main-content n2-ss-layer-with-background n2-ss-layer-content n2-ow n-uc-4mn1fSPwr2EQ-inner\"><div class=\"n2-ss-layer n2-ow n2-ss-layer--block n2-ss-has-self-align n-uc-1f1ea606e9b01\" data-pm=\"normal\" data-sstype=\"row\"><div class=\"n2-ss-layer-row n2-ss-layer-with-background n-uc-1f1ea606e9b01-inner\"><div class=\"n2-ss-layer-row-inner \"><div class=\"n2-ss-layer n2-ow n-uc-1cfc22c4eed25\" data-pm=\"default\" data-sstype=\"col\"><div class=\"n2-ss-layer-col n2-ss-layer-with-background n2-ss-layer-content n-uc-1cfc22c4eed25-inner\"><div class=\"n2-ss-layer n2-ow n-uc-fxduZ1iTvjoD\" data-pm=\"normal\" data-sstype=\"layer\"><div class=\" n2-ss-item-image-content n2-ss-item-content n2-ow-all\"><img decoding=\"async\" id=\"n2-ss-2item7\" alt=\"\" class=\"skip-lazy\" loading=\"lazy\" width=\"200\" height=\"77\" data-skip-lazy=\"1\" src=\"\/\/costacollege.cl\/iquique\/wp-content\/uploads\/2023\/04\/logocosta.png\" \/><\/div><\/div><div class=\"n2-ss-layer n2-ow n-uc-ieBq4CHLDRdM\" data-pm=\"normal\" data-sstype=\"layer\"><div id=\"n2-ss-2item8\" class=\"n2-font-1e5f2f343008f4d8f777cb2fab3f79e9-hover n2-style-69eb34b5a15ab4cbde73bab561e3661f-heading   n2-ss-item-content n2-ss-text n2-ow\" style=\"display:block;\">Colegio Costa College<\/div><\/div><div class=\"n2-ss-layer n2-ow n-uc-wlslP8m2Z5GR\" data-pm=\"normal\" data-sstype=\"layer\"><div id=\"n2-ss-2item9\" class=\"n2-font-ed50f5147501348f03ea16e42dc5e4b4-hover n2-style-88f25bbaa8fee12bad1a52bcb99e1bf0-heading   n2-ss-item-content n2-ss-text n2-ow\" style=\"display:block;\">&#8220;Formando desde el coraz\u00f3n&#8221;<\/div><\/div><div class=\"n2-ss-layer n2-ow n-uc-bmJLvgo3LLvA\" data-pm=\"normal\" data-sstype=\"layer\"><div id=\"n2-ss-2item10\" class=\"n2-font-70108420b48966e0161568bfd3d2d7a0-hover n2-style-88f25bbaa8fee12bad1a52bcb99e1bf0-heading   n2-ss-item-content n2-ss-text n2-ow\" style=\"display:block;\">Admisi\u00f3n 2026<\/div><\/div><div class=\"n2-ss-layer n2-ow n-uc-AhODReXkXSi8\" data-pm=\"normal\" data-sstype=\"layer\"><div id=\"n2-ss-2item11\" class=\"n2-font-835124ee90fa7e9ad7116f2c59eeb620-hover n2-style-88f25bbaa8fee12bad1a52bcb99e1bf0-heading   n2-ss-item-content n2-ss-text n2-ow\" style=\"display:block;\">Inscripciones abiertas<\/div><\/div><div class=\"n2-ss-layer n2-ow n-uc-CCpMJG1tID83\" data-pm=\"normal\" data-sstype=\"layer\"><div id=\"n2-ss-2item12\" class=\"n2-font-835124ee90fa7e9ad7116f2c59eeb620-hover n2-style-88f25bbaa8fee12bad1a52bcb99e1bf0-heading   n2-ss-item-content n2-ss-text n2-ow\" style=\"display:block;\">\u2022 B\u00e1sica \u2022 Media \u2022 1\u00b0 a 6\u00b0 <br>b\u00e1sico Biling\u00fce<\/div><\/div><div class=\"n2-ss-layer n2-ow n-uc-DYCimrsjwFtQ\" data-pm=\"normal\" data-sstype=\"layer\"><div class=\"n2-ss-item-content n2-ss-text n2-ow-all\"><div class=\"\"><p class=\"n2-font-ac8c6193a1759a2b480b8532e49bc402-paragraph  n2-style-e20f0b6d2264d8d081a600a379be4718-heading  \">Queremos ser parte del crecimiento integral de tus hijos, acompa\u00f1\u00e1ndolos en cada paso de su camino educativo.<br \/>\nIngresa tu postulaci\u00f3n, tenemos cupos limitados.<\/p>\n<\/div><\/div><\/div><\/div><\/div><div class=\"n2-ss-layer n2-ow n-uc-10965afc02aa0\" data-pm=\"default\" data-sstype=\"col\"><div class=\"n2-ss-layer-col n2-ss-layer-with-background n2-ss-layer-content n-uc-10965afc02aa0-inner\"><div class=\"n2-ss-layer n2-ow n-uc-lt0hCP8GGvf6\" data-pm=\"normal\" data-sstype=\"layer\"><\/div><\/div><\/div><\/div><\/div><\/div><div class=\"n2-ss-layer n2-ow n2-ss-layer--block n2-ss-has-self-align n-uc-1787ce3179806\" data-pm=\"normal\" data-sstype=\"row\"><div class=\"n2-ss-layer-row n2-ss-layer-with-background n-uc-1787ce3179806-inner\"><div class=\"n2-ss-layer-row-inner \"><div class=\"n2-ss-layer n2-ow n-uc-1e6c379aebf01\" data-pm=\"default\" data-sstype=\"col\"><div class=\"n2-ss-layer-col n2-ss-layer-with-background n2-ss-layer-content n-uc-1e6c379aebf01-inner\"><div class=\"n2-ss-layer n2-ow n-uc-rwMYv2OhZPjI\" data-pm=\"normal\" data-sstype=\"layer\"><div class=\"n2-ss-item-content n2-ss-text n2-ow-all\"><div class=\"\"><p class=\"n2-font-ac8c6193a1759a2b480b8532e49bc402-paragraph  n2-style-e20f0b6d2264d8d081a600a379be4718-heading  \">Instagram: costa_college_oficial<\/p>\n<\/div><\/div><\/div><\/div><\/div><div class=\"n2-ss-layer n2-ow n-uc-17b6e6a2cc2bf\" data-pm=\"default\" data-sstype=\"col\"><div class=\"n2-ss-layer-col n2-ss-layer-with-background n2-ss-layer-content n-uc-17b6e6a2cc2bf-inner\"><div class=\"n2-ss-layer n2-ow n-uc-AFfCMGXwPlUM\" data-pm=\"normal\" data-sstype=\"layer\"><div class=\"n2-ss-item-content n2-ss-text n2-ow-all\"><div class=\"\"><p class=\"n2-font-ac8c6193a1759a2b480b8532e49bc402-paragraph  n2-style-e20f0b6d2264d8d081a600a379be4718-heading  \">Tel\u00e9fonos: +56 57 2451518  &#8211;   9 4409 7215<\/p>\n<\/div><\/div><\/div><\/div><\/div><div class=\"n2-ss-layer n2-ow n-uc-11573e00d18c0\" data-pm=\"default\" data-sstype=\"col\"><div class=\"n2-ss-layer-col n2-ss-layer-with-background n2-ss-layer-content n-uc-11573e00d18c0-inner\"><div class=\"n2-ss-layer n2-ow n-uc-39rl99MDL2x4\" data-pm=\"normal\" data-sstype=\"layer\"><div class=\"n2-ss-item-content n2-ss-text n2-ow-all\"><div class=\"\"><p class=\"n2-font-ac8c6193a1759a2b480b8532e49bc402-paragraph  n2-style-e20f0b6d2264d8d081a600a379be4718-heading  \">Whatsapp: +56 9 4409 7215<\/p>\n<\/div><\/div><\/div><\/div><\/div><\/div><\/div><\/div><\/div><\/div><\/div><\/div><\/div><div data-slide-duration=\"0\" data-id=\"8\" data-slide-public-id=\"3\" aria-hidden=\"true\" data-title=\"Happy children spend time together close and smile\" class=\"n2-ss-slide n2-ow  n2-ss-slide-8\"><div role=\"note\" class=\"n2-ss-slide--focus\" tabindex=\"-1\">Happy children spend time together close and smile<\/div><div class=\"n2-ss-layers-container n2-ss-slide-limiter n2-ow\"><div class=\"n2-ss-layer n2-ow n-uc-cVb1o5h50aTv\" data-sstype=\"slide\" data-pm=\"default\"><div class=\"n2-ss-layer n2-ow n-uc-BvIcPZvR1Bqc\" data-pm=\"default\" data-sstype=\"content\" data-hasbackground=\"0\"><div class=\"n2-ss-section-main-content n2-ss-layer-with-background n2-ss-layer-content n2-ow n-uc-BvIcPZvR1Bqc-inner\"><div class=\"n2-ss-layer n2-ow n-uc-QhTXj7g0QfKt\" data-pm=\"normal\" data-sstype=\"layer\"><div id=\"n2-ss-2item18\" class=\"n2-font-70108420b48966e0161568bfd3d2d7a0-hover n2-style-def47892eccde279363d87af170fbc77-heading   n2-ss-item-content n2-ss-text n2-ow\" style=\"display:block;\">\u00a1Te invitamos a seguir nuestras redes sociales y conocer m\u00e1s sobre Costa College!<\/div><\/div><div class=\"n2-ss-layer n2-ow n2-ss-layer--block n2-ss-has-self-align n-uc-147faa11693f7\" data-pm=\"normal\" data-sstype=\"row\"><div class=\"n2-ss-layer-row n2-ss-layer-with-background n-uc-147faa11693f7-inner\"><div class=\"n2-ss-layer-row-inner \"><div class=\"n2-ss-layer n2-ow n-uc-1143f0e2c0b3a\" data-pm=\"default\" data-sstype=\"col\"><div class=\"n2-ss-layer-col n2-ss-layer-with-background n2-ss-layer-content n-uc-1143f0e2c0b3a-inner\"><\/div><\/div><div class=\"n2-ss-layer n2-ow n-uc-1d88c32ebfe15\" data-pm=\"default\" data-sstype=\"col\"><div class=\"n2-ss-layer-col n2-ss-layer-with-background n2-ss-layer-content n-uc-1d88c32ebfe15-inner\"><\/div><\/div><\/div><\/div><\/div><div class=\"n2-ss-layer n2-ow n-uc-NRLzYoWKt4gV\" data-pm=\"normal\" data-sstype=\"layer\"><div id=\"n2-ss-2item19\" class=\"n2-font-86f8e5463fda71ac01102d5843ea9895-hover n2-style-def47892eccde279363d87af170fbc77-heading   n2-ss-item-content n2-ss-text n2-ow\" style=\"display:block;\"><\/div><\/div><div class=\"n2-ss-layer n2-ow n-uc-jD7g1hiMzB6Z\" data-pm=\"normal\" data-sstype=\"layer\"><div id=\"n2-ss-2item20\" class=\"n2-font-df55ded3a31ebd8f3f56f7d5dc160ae8-hover n2-style-def47892eccde279363d87af170fbc77-heading   n2-ss-item-content n2-ss-text n2-ow\" style=\"display:block;\">Descubre el incre\u00edble trabajo period\u00edstico de nuestra comunidad educativa, las actividades destacadas que realizamos y c\u00f3mo juntos construimos un espacio de aprendizaje \u00fanico.<\/div><\/div><div class=\"n2-ss-layer n2-ow n2-ss-layer--block n2-ss-has-self-align n-uc-1019d86b86645\" data-pm=\"normal\" data-sstype=\"row\"><div class=\"n2-ss-layer-row n2-ss-layer-with-background n-uc-1019d86b86645-inner\"><div class=\"n2-ss-layer-row-inner \"><div class=\"n2-ss-layer n2-ow n-uc-1c27facba12e1\" data-pm=\"default\" data-sstype=\"col\"><div class=\"n2-ss-layer-col n2-ss-layer-with-background n2-ss-layer-content n-uc-1c27facba12e1-inner\"><\/div><\/div><div class=\"n2-ss-layer n2-ow n-uc-19fd12634a8d2\" data-pm=\"default\" data-sstype=\"col\"><div class=\"n2-ss-layer-col n2-ss-layer-with-background n2-ss-layer-content n-uc-19fd12634a8d2-inner\"><\/div><\/div><\/div><\/div><\/div><div class=\"n2-ss-layer n2-ow n-uc-A13569hmYwfa n2-ss-layer--auto\" data-pm=\"normal\" data-sstype=\"layer\"><div class=\"n2-ss-button-container n2-ss-item-content n2-ow n2-font-24c733a614e0f2838599791ce47f7fc7-link  n2-ss-nowrap n2-ss-button-container--non-full-width\"><a class=\"n2-style-9c259e0c4529d950df3b272b60258bcb-heading  n2-ow \" href=\"https:\/\/costacollege.cl\/iquique\/te-invitamos-a-seguir-nuestras-redes-sociales-y-conocer-mas-sobre-costa-college\/\"><div><div>Aqu\u00ed<\/div><\/div><\/a><\/div><\/div><\/div><\/div><\/div><\/div><\/div><div data-slide-duration=\"0\" data-id=\"6\" data-slide-public-id=\"4\" aria-hidden=\"true\" data-title=\"Copia de IMG_3152\" class=\"n2-ss-slide n2-ow  n2-ss-slide-6\"><div role=\"note\" class=\"n2-ss-slide--focus\" tabindex=\"-1\">Copia de IMG_3152<\/div><div class=\"n2-ss-layers-container n2-ss-slide-limiter n2-ow\"><div class=\"n2-ss-layer n2-ow n-uc-C8t5Y66UI2s3\" data-sstype=\"slide\" data-pm=\"default\"><div class=\"n2-ss-layer n2-ow n-uc-48hp3I6utW3w\" data-pm=\"default\" data-sstype=\"content\" data-hasbackground=\"0\"><div class=\"n2-ss-section-main-content n2-ss-layer-with-background n2-ss-layer-content n2-ow n-uc-48hp3I6utW3w-inner\"><div class=\"n2-ss-layer n2-ow n2-ss-layer--block n2-ss-has-self-align n-uc-17d5017ef02a7\" data-pm=\"normal\" data-sstype=\"row\"><div class=\"n2-ss-layer-row n2-ss-layer-with-background n-uc-17d5017ef02a7-inner\"><div class=\"n2-ss-layer-row-inner \"><div class=\"n2-ss-layer n2-ow n-uc-1fbbc3ab99176\" data-pm=\"default\" data-sstype=\"col\"><div class=\"n2-ss-layer-col n2-ss-layer-with-background n2-ss-layer-content n-uc-1fbbc3ab99176-inner\"><div class=\"n2-ss-layer n2-ow n-uc-vDasYoVtuMfb\" data-pm=\"normal\" data-sstype=\"layer\"><div id=\"n2-ss-2item22\" class=\"n2-font-fda8d07c7d5845dec992ea61c5565854-hover   n2-ss-item-content n2-ss-text n2-ow\" style=\"display:block;\">Conoce nuestro proyecto biling\u00fce<\/div><\/div><div class=\"n2-ss-layer n2-ow n-uc-wQgs0YXqMEEz n2-ss-layer--auto\" data-pm=\"normal\" data-sstype=\"layer\"><div class=\"n2-ss-button-container n2-ss-item-content n2-ow n2-font-24c733a614e0f2838599791ce47f7fc7-link  n2-ss-nowrap n2-ss-button-container--non-full-width\"><a class=\"n2-style-1f83abeef3dc942bd8892793a9c66c1e-heading  n2-ow \" href=\"https:\/\/costacollege.cl\/iquique\/bilinguismo-costa-college-2\/\"><div><div>Aqu\u00ed<\/div><\/div><\/a><\/div><\/div><\/div><\/div><div class=\"n2-ss-layer n2-ow n-uc-1716d3b9121b1\" data-pm=\"default\" data-sstype=\"col\"><div class=\"n2-ss-layer-col n2-ss-layer-with-background n2-ss-layer-content n-uc-1716d3b9121b1-inner\"><\/div><\/div><\/div><\/div><\/div><\/div><\/div><\/div><\/div><\/div>                    <\/div>\n\n                                    <\/div>\n            <\/div>\n        <\/div>\n        <div class=\"n2-ss-slider-controls n2-ss-slider-controls-absolute-left-center\"><div style=\"--widget-offset:15px;\" class=\"n2-ss-widget nextend-arrow n2-ow-all nextend-arrow-previous  nextend-arrow-animated-fade\" data-hide-mobileportrait=\"1\" id=\"n2-ss-2-arrow-previous\" role=\"button\" aria-label=\"previous arrow\" tabindex=\"0\"><img loading=\"lazy\" decoding=\"async\" width=\"32\" height=\"32\" class=\"skip-lazy\" data-skip-lazy=\"1\" src=\"data:image\/svg+xml;base64,PHN2ZyB3aWR0aD0iMzIiIGhlaWdodD0iMzIiIHZpZXdCb3g9IjAgMCAzMiAzMiIgeG1sbnM9Imh0dHA6Ly93d3cudzMub3JnLzIwMDAvc3ZnIj4KICAgIDxwYXRoIGQ9Ik0xMS40MzMgMTUuOTkyTDIyLjY5IDUuNzEyYy4zOTMtLjM5LjM5My0xLjAzIDAtMS40Mi0uMzkzLS4zOS0xLjAzLS4zOS0xLjQyMyAwbC0xMS45OCAxMC45NGMtLjIxLjIxLS4zLjQ5LS4yODUuNzYtLjAxNS4yOC4wNzUuNTYuMjg0Ljc3bDExLjk4IDEwLjk0Yy4zOTMuMzkgMS4wMy4zOSAxLjQyNCAwIC4zOTMtLjQuMzkzLTEuMDMgMC0xLjQybC0xMS4yNTctMTAuMjkiCiAgICAgICAgICBmaWxsPSIjZmZmZmZmIiBvcGFjaXR5PSIwLjgiIGZpbGwtcnVsZT0iZXZlbm9kZCIvPgo8L3N2Zz4=\" alt=\"previous arrow\"><\/div><\/div><div class=\"n2-ss-slider-controls n2-ss-slider-controls-absolute-right-center\"><div style=\"--widget-offset:15px;\" class=\"n2-ss-widget nextend-arrow n2-ow-all nextend-arrow-next  nextend-arrow-animated-fade\" data-hide-mobileportrait=\"1\" id=\"n2-ss-2-arrow-next\" role=\"button\" aria-label=\"next arrow\" tabindex=\"0\"><img loading=\"lazy\" decoding=\"async\" width=\"32\" height=\"32\" class=\"skip-lazy\" data-skip-lazy=\"1\" src=\"data:image\/svg+xml;base64,PHN2ZyB3aWR0aD0iMzIiIGhlaWdodD0iMzIiIHZpZXdCb3g9IjAgMCAzMiAzMiIgeG1sbnM9Imh0dHA6Ly93d3cudzMub3JnLzIwMDAvc3ZnIj4KICAgIDxwYXRoIGQ9Ik0xMC43MjIgNC4yOTNjLS4zOTQtLjM5LTEuMDMyLS4zOS0xLjQyNyAwLS4zOTMuMzktLjM5MyAxLjAzIDAgMS40MmwxMS4yODMgMTAuMjgtMTEuMjgzIDEwLjI5Yy0uMzkzLjM5LS4zOTMgMS4wMiAwIDEuNDIuMzk1LjM5IDEuMDMzLjM5IDEuNDI3IDBsMTIuMDA3LTEwLjk0Yy4yMS0uMjEuMy0uNDkuMjg0LS43Ny4wMTQtLjI3LS4wNzYtLjU1LS4yODYtLjc2TDEwLjcyIDQuMjkzeiIKICAgICAgICAgIGZpbGw9IiNmZmZmZmYiIG9wYWNpdHk9IjAuOCIgZmlsbC1ydWxlPSJldmVub2RkIi8+Cjwvc3ZnPg==\" alt=\"next arrow\"><\/div><\/div><\/div><\/div><ss3-loader><\/ss3-loader><\/div><\/div><div class=\"n2_clear\"><\/div><\/div><\/ss3-force-full-width><\/div>\n\n\n<p>&nbsp;<\/p>\n","protected":false},"excerpt":{"rendered":"<p>&nbsp;<\/p>\n","protected":false},"author":1,"featured_media":0,"parent":0,"menu_order":0,"comment_status":"closed","ping_status":"closed","template":"","meta":{"_price":"","_stock":"","_tribe_ticket_header":"","_tribe_default_ticket_provider":"","_ticket_start_date":"","_ticket_end_date":"","_tribe_ticket_show_description":"","_tribe_ticket_show_not_going":false,"_tribe_ticket_use_global_stock":"","_tribe_ticket_global_stock_level":"","_global_stock_mode":"","_global_stock_cap":"","_tribe_rsvp_for_event":"","_tribe_ticket_going_count":"","_tribe_ticket_not_going_count":"","_tribe_tickets_list":"[]","_tribe_ticket_has_attendee_info_fields":false,"footnotes":"","_tec_slr_enabled":"","_tec_slr_layout":""},"class_list":["post-5957","page","type-page","status-publish","hentry"],"ticketed":false,"_links":{"self":[{"href":"https:\/\/costacollege.cl\/iquique\/wp-json\/wp\/v2\/pages\/5957","targetHints":{"allow":["GET"]}}],"collection":[{"href":"https:\/\/costacollege.cl\/iquique\/wp-json\/wp\/v2\/pages"}],"about":[{"href":"https:\/\/costacollege.cl\/iquique\/wp-json\/wp\/v2\/types\/page"}],"author":[{"embeddable":true,"href":"https:\/\/costacollege.cl\/iquique\/wp-json\/wp\/v2\/users\/1"}],"replies":[{"embeddable":true,"href":"https:\/\/costacollege.cl\/iquique\/wp-json\/wp\/v2\/comments?post=5957"}],"version-history":[{"count":5,"href":"https:\/\/costacollege.cl\/iquique\/wp-json\/wp\/v2\/pages\/5957\/revisions"}],"predecessor-version":[{"id":8027,"href":"https:\/\/costacollege.cl\/iquique\/wp-json\/wp\/v2\/pages\/5957\/revisions\/8027"}],"wp:attachment":[{"href":"https:\/\/costacollege.cl\/iquique\/wp-json\/wp\/v2\/media?parent=5957"}],"curies":[{"name":"wp","href":"https:\/\/api.w.org\/{rel}","templated":true}]}}